{"id":1991,"date":"2024-10-27T16:17:33","date_gmt":"2024-10-27T15:17:33","guid":{"rendered":"https:\/\/www.ugobessiere-psy.fr\/?page_id=1991"},"modified":"2026-04-05T18:44:23","modified_gmt":"2026-04-05T16:44:23","slug":"poesies","status":"publish","type":"page","link":"https:\/\/www.ugobessiere-psy.fr\/index.php\/poesies\/","title":{"rendered":"Po\u00e9sies"},"content":{"rendered":"\t\t<div data-elementor-type=\"wp-page\" data-elementor-id=\"1991\" class=\"elementor elementor-1991\">\n\t\t\t\t<div class=\"elementor-element elementor-element-3fc777f e-flex e-con-boxed e-con e-parent\" data-id=\"3fc777f\" data-element_type=\"container\" data-e-type=\"container\" data-settings=\"{&quot;background_background&quot;:&quot;classic&quot;}\">\n\t\t\t\t\t<div class=\"e-con-inner\">\n\t\t\t\t<div class=\"elementor-element elementor-element-d2bc3c3 elementor-widget elementor-widget-heading\" data-id=\"d2bc3c3\" data-element_type=\"widget\" data-e-type=\"widget\" data-widget_type=\"heading.default\">\n\t\t\t\t<div class=\"elementor-widget-container\">\n\t\t\t\t\t<h2 class=\"elementor-heading-title elementor-size-default\">Po\u00e9tique des profondeurs<\/h2>\t\t\t\t<\/div>\n\t\t\t\t<\/div>\n\t\t\t\t\t<\/div>\n\t\t\t\t<\/div>\n\t\t<div class=\"elementor-element elementor-element-f2dd84d e-con-full e-flex e-con e-parent\" data-id=\"f2dd84d\" data-element_type=\"container\" data-e-type=\"container\" data-settings=\"{&quot;background_background&quot;:&quot;classic&quot;}\">\n\t\t<div class=\"elementor-element elementor-element-b456191 e-con-full e-flex e-con e-child\" data-id=\"b456191\" data-element_type=\"container\" data-e-type=\"container\" data-settings=\"{&quot;background_background&quot;:&quot;classic&quot;}\">\n\t\t\t\t<div class=\"elementor-element elementor-element-eafec9d elementor-widget elementor-widget-text-editor\" data-id=\"eafec9d\" data-element_type=\"widget\" data-e-type=\"widget\" data-widget_type=\"text-editor.default\">\n\t\t\t\t<div class=\"elementor-widget-container\">\n\t\t\t\t\t\t\t\t\t<p><strong>Ode au vivant<\/strong><\/p><p>Coule, Fleuve,<br \/>Reine des rondes,<br \/>tes remous pleuvent<br \/>les veines du monde.<\/p><p>Coule tes sanglots,<br \/>crache tes torrents,<br \/>tout ce qui chante<br \/>et rend vivant.<\/p><p>\u00d4 Fleuve,<br \/>Myst\u00e8re des ondes,<br \/>transmet ce message<br \/>aux deux Mondes.<\/p>\t\t\t\t\t\t\t\t<\/div>\n\t\t\t\t<\/div>\n\t\t\t\t<\/div>\n\t\t<div class=\"elementor-element elementor-element-0587408 e-con-full e-flex e-con e-child\" data-id=\"0587408\" data-element_type=\"container\" data-e-type=\"container\" data-settings=\"{&quot;background_background&quot;:&quot;classic&quot;}\">\n\t\t\t\t<div class=\"elementor-element elementor-element-9ca8378 elementor-widget elementor-widget-text-editor\" data-id=\"9ca8378\" data-element_type=\"widget\" data-e-type=\"widget\" data-widget_type=\"text-editor.default\">\n\t\t\t\t<div class=\"elementor-widget-container\">\n\t\t\t\t\t\t\t\t\t<p><strong>Vertige d&rsquo;envol<\/strong><\/p><p>Obscurit\u00e9 <br \/>n&rsquo;est qu&rsquo;absence de lumi\u00e8re.<br \/>Peur de rencontrer <br \/>l&rsquo;inconnu <br \/>au bout du tunnel.<\/p><p>L&rsquo;enfer est n\u00e9 dans un c\u0153ur vide :<br \/>coup\u00e9 de la douleur <br \/>tu t&#8217;emp\u00eachais de vivre.<\/p><p>La chasse \u00e0 l&rsquo;indicible <br \/>est ouverte.<br \/>Sentir les blessures <br \/>qu&rsquo;on voudrait garder <br \/>sous verre.<\/p><p>\u00c7a y\u2019est\u2026<\/p><p>Tu l\u00e2ches, t&rsquo;as les yeux humides. <br \/>Et ce foutu vertige <br \/>n\u2019\u00e9tait qu\u2019un saut face au vide.<\/p>\t\t\t\t\t\t\t\t<\/div>\n\t\t\t\t<\/div>\n\t\t\t\t<\/div>\n\t\t<div class=\"elementor-element elementor-element-e7246aa e-con-full e-flex e-con e-child\" data-id=\"e7246aa\" data-element_type=\"container\" data-e-type=\"container\" data-settings=\"{&quot;background_background&quot;:&quot;classic&quot;}\">\n\t\t\t\t<div class=\"elementor-element elementor-element-971d660 elementor-widget elementor-widget-text-editor\" data-id=\"971d660\" data-element_type=\"widget\" data-e-type=\"widget\" data-widget_type=\"text-editor.default\">\n\t\t\t\t<div class=\"elementor-widget-container\">\n\t\t\t\t\t\t\t\t\t<p><strong>\u00c0 ceux avant nous<\/strong><\/p><p>Du long silence des anc\u00eatres<br \/>remontent les peines qui remuent<br \/>mais si l&rsquo;histoire se r\u00e9p\u00e8te <br \/>c&rsquo;est que les plaies encore suent<\/p><p>Pour celui qui veut \u00eatre <br \/>il n&rsquo;est autre chemin :<br \/>entendre<br \/>ce qui a \u00e9t\u00e9 tu<\/p><p><strong>Bras morts<\/strong><\/p><p>Le psychisme se d\u00e9semm\u00eale <br \/>d\u2019esprit, de corps et de sang,<br \/>puis navigue de colline en plaine, comme s\u2019\u00e9coule bassin versant.<\/p><p>Il existe des bras morts de l&rsquo;\u00e2me <br \/>dans lesquels r\u00e9injecter du vivant<\/p>\t\t\t\t\t\t\t\t<\/div>\n\t\t\t\t<\/div>\n\t\t\t\t<\/div>\n\t\t<div class=\"elementor-element elementor-element-670f930 e-con-full e-flex e-con e-child\" data-id=\"670f930\" data-element_type=\"container\" data-e-type=\"container\" data-settings=\"{&quot;background_background&quot;:&quot;classic&quot;}\">\n\t\t\t\t<div class=\"elementor-element elementor-element-ca24d27 elementor-widget elementor-widget-text-editor\" data-id=\"ca24d27\" data-element_type=\"widget\" data-e-type=\"widget\" data-widget_type=\"text-editor.default\">\n\t\t\t\t<div class=\"elementor-widget-container\">\n\t\t\t\t\t\t\t\t\t<p><strong style=\"font-size: 14px;\">Novembre<\/strong><\/p><p>Novembre s&rsquo;ach\u00e8ve et son d\u00e9clin <br \/>comme un dimanche sonne la fin<br \/>Vite : dans les pulsions enfouir <br \/>ce que le corps n&rsquo;a pu sentir<\/p><p><strong>Avril<\/strong><\/p><p>Avril, derni\u00e8res neiges et premiers bains <br \/>La conscience r\u00e9side \u00e0 la jonction du n\u00e9ocortex et de l&rsquo;archa\u00efque, <br \/>quelque part entre les cimes des montagnes et la profondeur des oc\u00e9ans,<br \/>l\u00e0 o\u00f9 la rivi\u00e8re limbique fait se rencontrer les indomptables sans se froisser <br \/>S&rsquo;y laisser glisser&#8230; ?<\/p>\t\t\t\t\t\t\t\t<\/div>\n\t\t\t\t<\/div>\n\t\t\t\t<\/div>\n\t\t\t\t<\/div>\n\t\t<div class=\"elementor-element elementor-element-0cfb5fe e-flex e-con-boxed e-con e-parent\" data-id=\"0cfb5fe\" data-element_type=\"container\" data-e-type=\"container\">\n\t\t\t\t\t<div class=\"e-con-inner\">\n\t\t<div class=\"elementor-element elementor-element-d25a89d e-con-full e-flex e-con e-child\" data-id=\"d25a89d\" data-element_type=\"container\" data-e-type=\"container\" data-settings=\"{&quot;background_background&quot;:&quot;classic&quot;}\">\n\t\t<div class=\"elementor-element elementor-element-340d0e5 e-con-full e-flex e-con e-child\" data-id=\"340d0e5\" data-element_type=\"container\" data-e-type=\"container\" data-settings=\"{&quot;background_background&quot;:&quot;classic&quot;}\">\n\t\t\t\t<div class=\"elementor-element elementor-element-94cfa0a elementor-widget elementor-widget-text-editor\" data-id=\"94cfa0a\" data-element_type=\"widget\" data-e-type=\"widget\" data-widget_type=\"text-editor.default\">\n\t\t\t\t<div class=\"elementor-widget-container\">\n\t\t\t\t\t\t\t\t\t<p><strong>La bataille du blanc<\/strong><\/p><p>S&rsquo;ouvrir au blanc,\u00a0<br \/>laisser les esprits d&rsquo;en bas<br \/>contenir ta qu\u00eate, leurs bras<br \/>soutenir ta t\u00eate.<br \/>Dans le plein subsiste l&rsquo;\u00e9lan<br \/>d&rsquo;amour que t&rsquo;a donn\u00e9 l&rsquo;anc\u00eatre.<\/p><p>Tendre l&rsquo;oreille,<br \/>go\u00fbter l&rsquo;\u00e9cume des pentes puis<br \/>\u00e9couter patiente<br \/>l&rsquo;Univers :<br \/>Elle te parle \u00e0 travers mille lumi\u00e8res.<\/p><p>Abandonner<br \/>fantasmes, orgueil, supplices<br \/>tout ce qui dicte et qui fait mal.<br \/>A chaque pas avance, ressens, agrippe !<br \/>ce qu&rsquo;il te reste d&rsquo;animal .<\/p><p>Aux fauves en pature<br \/>livre cuirasses et parures,\u00a0<br \/>elles ne sont ici d&rsquo;aucune aide.\u00a0 \u00a0 \u00a0\u00a0<br \/>Soul\u00e8ve ton masque et,<br \/>d\u00e9livr\u00e9 des postures, cisel\u00e9 de blessures,<br \/>embrasse l&rsquo; \u00ab\u00a0\u00eatre-avec\u00a0\u00bb.<\/p>\t\t\t\t\t\t\t\t<\/div>\n\t\t\t\t<\/div>\n\t\t\t\t<\/div>\n\t\t<div class=\"elementor-element elementor-element-c05d34c e-con-full e-flex e-con e-child\" data-id=\"c05d34c\" data-element_type=\"container\" data-e-type=\"container\" data-settings=\"{&quot;background_background&quot;:&quot;classic&quot;}\">\n\t\t\t\t<div class=\"elementor-element elementor-element-0c13784 elementor-widget elementor-widget-text-editor\" data-id=\"0c13784\" data-element_type=\"widget\" data-e-type=\"widget\" data-widget_type=\"text-editor.default\">\n\t\t\t\t<div class=\"elementor-widget-container\">\n\t\t\t\t\t\t\t\t\t<p><b>Un si\u00e8cle<\/b><\/p><p>Elle s&rsquo;en va<br \/>il arrive<br \/>elle s&rsquo;en va je le sens<br \/>Et dehors la grive<br \/>chante un d\u00e9part imminent<br \/>Elle a travers\u00e9 les \u00e9poques<br \/><span style=\"font-size: 14px;\">cent ans<br \/><\/span><span style=\"font-size: 14px;\">c&rsquo;est long c&rsquo;est court<br \/><\/span><span style=\"font-size: 14px;\">c&rsquo;est dans ses pas lourds<br \/><\/span><span style=\"font-size: 14px;\">que restera son chant<\/span><\/p><p>Il arrive<br \/><span style=\"font-size: 14px;\">elle s&rsquo;en va<br \/><\/span><span style=\"font-size: 14px;\">il arrive je le sens<br \/><\/span><span style=\"font-size: 14px;\">Dedans son ventre rond<br \/><\/span><span style=\"font-size: 14px;\">un bambin innocent<br \/><\/span><span style=\"font-size: 14px;\">Il ne connait rien du monde<br \/><\/span><span style=\"font-size: 14px;\">il est bleu il est blond<br \/><\/span><span style=\"font-size: 14px;\">et dans l&rsquo;amande de ses yeux<br \/><\/span><span style=\"font-size: 14px;\">son sang<\/span><\/p><p>Elle a tenu toute une vie<br \/>ne tient plus vraiment debout<br \/>elle veut son th\u00e9 son livre<br \/>ce qui a encore du gout<\/p><p>Il ne tient pas encore debout<br \/>avec la promesse d&rsquo;une vie<br \/>se laisser porter par le courant<br \/>batailler dans les remous<\/p><p>Un si\u00e8cle les s\u00e9pare<br \/>et pourtant ne font qu&rsquo;un<br \/>Il arrive elle s&rsquo;en va<br \/>et se rapprochent leurs mains<br \/><span style=\"font-size: 14px;\">Elle s&rsquo;en va il arrive<br \/><\/span><span style=\"font-size: 14px;\">partir c&rsquo;est vivre<br \/><\/span><span style=\"font-size: 14px;\">et personne pour troubler le silence des couloirs<\/span><\/p>\t\t\t\t\t\t\t\t<\/div>\n\t\t\t\t<\/div>\n\t\t\t\t<\/div>\n\t\t<div class=\"elementor-element elementor-element-17fa806 e-con-full e-flex e-con e-child\" data-id=\"17fa806\" data-element_type=\"container\" data-e-type=\"container\" data-settings=\"{&quot;background_background&quot;:&quot;classic&quot;}\">\n\t\t\t\t<div class=\"elementor-element elementor-element-ee62963 elementor-widget elementor-widget-text-editor\" data-id=\"ee62963\" data-element_type=\"widget\" data-e-type=\"widget\" data-widget_type=\"text-editor.default\">\n\t\t\t\t<div class=\"elementor-widget-container\">\n\t\t\t\t\t\t\t\t\t<p>Renaissance<br><br>Le sol se d\u00e9robe<br>qui prend ma main ?<br>Le temps d&rsquo;un \u00e9clat<br>j&rsquo;ai perdu ma robe<br>et le sourire d&rsquo;un gamin<br><br>Oui mais je ne savais pas encore<br>pour qu&rsquo;il y ait vie<br>il doit y avoir mort<br>Je fais confiance aujourd&rsquo;hui<br>je reviens dans mon corps<\/p>\t\t\t\t\t\t\t\t<\/div>\n\t\t\t\t<\/div>\n\t\t\t\t<\/div>\n\t\t<div class=\"elementor-element elementor-element-102f425 e-con-full e-flex e-con e-child\" data-id=\"102f425\" data-element_type=\"container\" data-e-type=\"container\" data-settings=\"{&quot;background_background&quot;:&quot;classic&quot;}\">\n\t\t\t\t<div class=\"elementor-element elementor-element-99610e5 elementor-widget elementor-widget-text-editor\" data-id=\"99610e5\" data-element_type=\"widget\" data-e-type=\"widget\" data-widget_type=\"text-editor.default\">\n\t\t\t\t<div class=\"elementor-widget-container\">\n\t\t\t\t\t\t\t\t\t<p><strong>Po\u00e8me<\/strong><\/p>\t\t\t\t\t\t\t\t<\/div>\n\t\t\t\t<\/div>\n\t\t\t\t<\/div>\n\t\t\t\t<\/div>\n\t\t\t\t\t<\/div>\n\t\t\t\t<\/div>\n\t\t\t\t<\/div>\n\t\t","protected":false},"excerpt":{"rendered":"<p>Po\u00e9tique des profondeurs Ode au vivant Coule, Fleuve,Reine des rondes,tes remous pleuventles veines du monde. Coule tes sanglots,crache tes torrents,tout ce qui chanteet rend vivant. \u00d4 Fleuve,Myst\u00e8re des ondes,transmet ce messageaux deux Mondes. Vertige d&rsquo;envol Obscurit\u00e9 n&rsquo;est qu&rsquo;absence de lumi\u00e8re.Peur de rencontrer l&rsquo;inconnu au bout du tunnel. L&rsquo;enfer est n\u00e9 dans un c\u0153ur vide :coup\u00e9 [&hellip;]<\/p>\n","protected":false},"author":1,"featured_media":0,"parent":0,"menu_order":0,"comment_status":"closed","ping_status":"closed","template":"","meta":{"ocean_post_layout":"","ocean_both_sidebars_style":"","ocean_both_sidebars_content_width":0,"ocean_both_sidebars_sidebars_width":0,"ocean_sidebar":"","ocean_second_sidebar":"","ocean_disable_margins":"enable","ocean_add_body_class":"","ocean_shortcode_before_top_bar":"","ocean_shortcode_after_top_bar":"","ocean_shortcode_before_header":"","ocean_shortcode_after_header":"","ocean_has_shortcode":"","ocean_shortcode_after_title":"","ocean_shortcode_before_footer_widgets":"","ocean_shortcode_after_footer_widgets":"","ocean_shortcode_before_footer_bottom":"","ocean_shortcode_after_footer_bottom":"","ocean_display_top_bar":"default","ocean_display_header":"default","ocean_header_style":"","ocean_center_header_left_menu":"","ocean_custom_header_template":"","ocean_custom_logo":0,"ocean_custom_retina_logo":0,"ocean_custom_logo_max_width":0,"ocean_custom_logo_tablet_max_width":0,"ocean_custom_logo_mobile_max_width":0,"ocean_custom_logo_max_height":0,"ocean_custom_logo_tablet_max_height":0,"ocean_custom_logo_mobile_max_height":0,"ocean_header_custom_menu":"","ocean_menu_typo_font_family":"","ocean_menu_typo_font_subset":"","ocean_menu_typo_font_size":0,"ocean_menu_typo_font_size_tablet":0,"ocean_menu_typo_font_size_mobile":0,"ocean_menu_typo_font_size_unit":"px","ocean_menu_typo_font_weight":"","ocean_menu_typo_font_weight_tablet":"","ocean_menu_typo_font_weight_mobile":"","ocean_menu_typo_transform":"","ocean_menu_typo_transform_tablet":"","ocean_menu_typo_transform_mobile":"","ocean_menu_typo_line_height":0,"ocean_menu_typo_line_height_tablet":0,"ocean_menu_typo_line_height_mobile":0,"ocean_menu_typo_line_height_unit":"","ocean_menu_typo_spacing":0,"ocean_menu_typo_spacing_tablet":0,"ocean_menu_typo_spacing_mobile":0,"ocean_menu_typo_spacing_unit":"","ocean_menu_link_color":"","ocean_menu_link_color_hover":"","ocean_menu_link_color_active":"","ocean_menu_link_background":"","ocean_menu_link_hover_background":"","ocean_menu_link_active_background":"","ocean_menu_social_links_bg":"","ocean_menu_social_hover_links_bg":"","ocean_menu_social_links_color":"","ocean_menu_social_hover_links_color":"","ocean_disable_title":"default","ocean_disable_heading":"default","ocean_post_title":"","ocean_post_subheading":"","ocean_post_title_style":"","ocean_post_title_background_color":"","ocean_post_title_background":0,"ocean_post_title_bg_image_position":"","ocean_post_title_bg_image_attachment":"","ocean_post_title_bg_image_repeat":"","ocean_post_title_bg_image_size":"","ocean_post_title_height":0,"ocean_post_title_bg_overlay":0.5,"ocean_post_title_bg_overlay_color":"","ocean_disable_breadcrumbs":"default","ocean_breadcrumbs_color":"","ocean_breadcrumbs_separator_color":"","ocean_breadcrumbs_links_color":"","ocean_breadcrumbs_links_hover_color":"","ocean_display_footer_widgets":"default","ocean_display_footer_bottom":"default","ocean_custom_footer_template":"","footnotes":""},"class_list":["post-1991","page","type-page","status-publish","hentry","entry"],"_links":{"self":[{"href":"https:\/\/www.ugobessiere-psy.fr\/index.php\/wp-json\/wp\/v2\/pages\/1991","targetHints":{"allow":["GET"]}}],"collection":[{"href":"https:\/\/www.ugobessiere-psy.fr\/index.php\/wp-json\/wp\/v2\/pages"}],"about":[{"href":"https:\/\/www.ugobessiere-psy.fr\/index.php\/wp-json\/wp\/v2\/types\/page"}],"author":[{"embeddable":true,"href":"https:\/\/www.ugobessiere-psy.fr\/index.php\/wp-json\/wp\/v2\/users\/1"}],"replies":[{"embeddable":true,"href":"https:\/\/www.ugobessiere-psy.fr\/index.php\/wp-json\/wp\/v2\/comments?post=1991"}],"version-history":[{"count":134,"href":"https:\/\/www.ugobessiere-psy.fr\/index.php\/wp-json\/wp\/v2\/pages\/1991\/revisions"}],"predecessor-version":[{"id":2635,"href":"https:\/\/www.ugobessiere-psy.fr\/index.php\/wp-json\/wp\/v2\/pages\/1991\/revisions\/2635"}],"wp:attachment":[{"href":"https:\/\/www.ugobessiere-psy.fr\/index.php\/wp-json\/wp\/v2\/media?parent=1991"}],"curies":[{"name":"wp","href":"https:\/\/api.w.org\/{rel}","templated":true}]}}